rime number?
False
Is 22189 a prime number?
True
Is 154463 a prime number?
False
Is 6159 a composite number?
True
Is 7349 composite?
False
Is 102643 a composite number?
False
Is 94 prime?
False
Is 1901 prime?
True
Is 106258 prime?
False
Is 8981 composite?
True
Is 18433 a prime number?
True
Is 1465361 prime?
True
Is 56317 a prime number?
False
Is 260137 prime?
True
Is 16561 composite?
False
Is 349681 composite?
True
Is 426389 prime?
True
Is 21477 a prime number?
False
Is 194 composite?
True
Is 1543 composite?
False
Is 819545 a prime number?
False
Is 87 composite?
True
Is 13439 composite?
True
Is 51713 composite?
False
Is 1655 a composite number?
True
Is 329891 prime?
True
Is 58147 a composite number?
False
Is 31359 composite?
True
Is 575933 a composite number?
True
Is 50703 a prime number?
False
Is 46327 a composite number?
False
Is 270407 a prime number?
True
Is 66914 composite?
True
Is 18229 a composite number?
False
Is 16361 prime?
True
Is 626273 prime?
False
Is 454513 a composite number?
False
Is 1041 prime?
False
Is 2315 a prime number?
False
Is 13901 a composite number?
False
Is 343109 a composite number?
True
Is 295199 prime?
True
Is 1201 a prime number?
True
Is 60073 a prime number?
False
Is 47015 prime?
False
Is 705389 a composite number?
False
Is 19553 a prime number?
True
Is 4143613 a prime number?
True
Is 5513 a prime number?
False
Is 45842 composite?
True
Is 519011 a prime number?
True
Is 4339 a composite number?
False
Is 1543 a prime number?
True
Is 129 a composite number?
True
Is 301 a composite number?
True
Is 187 prime?
False
Is 1015013 composite?
True
Is 80813 composite?
True
Is 32735 composite?
True
Is 147853 a prime number?
True
Is 18329 prime?
True
Is 20981 composite?
False
Is 15499 a prime number?
False
Is 23077 a composite number?
True
Is 5266 prime?
False
Is 20593 prime?
True
Is 1186359 a composite number?
True
Is 565795 composite?
True
Is 952709 a prime number?
True
Is 28019 prime?
True
Is 534517 a prime number?
False
Is 331923 a prime number?
False
Is 282871 a prime number?
False
Is 132241 prime?
True
Is 17245 a prime number?
False
Is 5371 prime?
False
Is 1135451 a prime number?
True
Is 479 a composite number?
False
Is 169826 composite?
True
Is 2402917 a prime number?
False
Is 5969 a prime number?
False
Is 889881 composite?
True
Is 6805 a composite number?
True
Is 76079 prime?
True
Is 2579 a composite number?
False
Is 15567 a prime number?
False
Is 25385 prime?
False
Is 250105 a prime number?
False
Is 991 a composite number?
False
Is 272347 composite?
False
Is 51351 prime?
False
Is 1502 a composite number?
True
Is 118183 a prime number?
False
Is 79063 composite?
False
Is 143681 composite?
True
Is 3989 prime?
True
Is 136893 a prime number?
False
Is 457603 composite?
True
Is 3593 prime?
True
Is 694709 a composite number?
True
Is 148759 composite?
True
Is 5218 a composite number?
True
Is 60563 composite?
True
Is 92091 prime?
False
Is 64217 prime?
True
Is 577 a prime number?
True
Is 3389 composite?
False
Is 7261 a composite number?
True
Is 102533 a composite number?
False
Is 149671 prime?
False
Is 86 composite?
True
Is 630563 a prime number?
False
Is 834113 a composite number?
True
Is 424451 a composite number?
False
Is 1328779 prime?
False
Is 115657 composite?
False
Is 3932189 prime?
False
Is 3250063 a composite number?
False
Is 5489 prime?
False
Is 2905091 prime?
False
Is 1967741 composite?
False
Is 364031 a prime number?
True
Is 149297 composite?
False
Is 253 a composite number?
True
Is 71105 composite?
True
Is 12097 a prime number?
True
Is 2494805 composite?
True
Is 66889 composite?
False
Is 2429 prime?
False
Is 58309 a composite number?
False
Is 1457 prime?
False
Is 191078 a prime number?
False
Is 25439 a composite number?
False
Is 217255 prime?
False
Is 2845303 a prime number?
True
Is 23979 composite?
True
Is 1941 a composite number?
True
Is 871147 prime?
True
Is 185047 a prime number?
False
Is 907 a prime number?
True
Is 112843 a prime number?
True
Is 233843 a composite number?
True
Is 88699 composite?
True
Is 2459 composite?
False
Is 256811 a prime number?
False
Is 310147 composite?
True
Is 31709 a composite number?
True
Is 92201 a prime number?
False
Is 223957 prime?
False
Is 3109 prime?
True
Is 34297 composite?
False
Is 366937 a composite number?
True
Is 1067789 prime?
True
Is 712781 a prime number?
True
Is 19801 a composite number?
False
Is 44831 composite?
True
Is 5941 a composite number?
True
Is 1716953 a prime number?
False
Is 72095 a composite number?
True
Is 45361 a composite number?
False
Is 18341 prime?
True
Is 21247 a composite number?
False
Is 231701 composite?
False
Is 12603 composite?
True
Is 215 prime?
False
Is 508619 prime?
True
Is 211549 composite?
True
Is 8719 a prime number?
True
Is 107137 composite?
False
Is 31439 prime?
False
Is 899095 prime?
False
Is 7507 composite?
False
Is 7411 prime?
True
Is 6595 composite?
True
Is 416219 a prime number?
True
Is 39079 a composite number?
False
Is 2093209 a composite number?
True
Is 13853 a composite number?
True
Is 1949 composite?
False
Is 40693 a prime number?
True
Is 42321 a composite number?
True
Is 41341 prime?
True
Is 12737041 prime?
True
Is 24437 composite?
True
Is 938219 a prime number?
True
Is 6121 a composite number?
False
Is 2861143 a composite number?
True
Is 48299 a prime number?
True
Is 8542 a composite number?
True
Is 123001 a composite number?
False
Is 12013 composite?
True
Is 1560703 a composite number?
True
Is 16051 prime?
False
Is 27977 prime?
False
Is 33958 a prime number?
False
Is 208861 a composite number?
True
Is 86795 a composite number?
True
Is 4999 a composite number?
False
Is 3683 prime?
False
Is 285599 composite?
False
Is 293887 a composite number?
True
Is 69879 a composite number?
True
Is 4729 a composite number?
False
Is 9383 prime?
False
Is 36265 a prime number?
False
Is 74353 a composite number?
False
Is 17693 a prime number?
False
Is 7433 a prime number?
True
Is 3967 composite?
False
Is 5207 a composite number?
True
Is 594073 a prime number?
False
Is 42031 prime?
False
Is 4387 prime?
False
Is 101267 composite?
False
Is 77867 prime?
True
Is 425407 a prime number?
False
Is 25183 a composite number?
False
Is 673 prime?
True
Is 396919 composite?
False
Is 4249 a composite number?
True
Is 46891 composite?
True
Is 3827 a composite number?
True
Is 4533 a prime number?
False
Is 27533 composite?
True
Is 11359 a composite number?
True
Is 3659 a composite number?
False
Is 2161 a composite number?
False
Is 10781 a composite number?
False
Is 4189 composite?
True
Is 48017 a prime number?
True
Is 1500371 a prime number?
True
Is 24155 composite?
True
Is 509051 composite?
True
Is 2200895 a composite number?
True
Is 4177 a prime number?
True
Is 1466749 a prime number?
False
Is 20417 a composite number?
True
Is 106487 composite?
False
Is 57983 prime?
False
Is 1696281 composite?
True
Is 387037 a composite number?
True
Is 116789 prime?
True
Is 101078 a prime number?
False
Is 1748507 prime?
False
Is 784831 a composite number?
False
Is 13343 a prime number?
False
Is 1902097 composite?
False
Is 187337 a prime number?
True
Is 21881 a prime number?
True
Is 5171 composite?
False
Is 135869 a composite number?
True
Is 1198 a prime number?
False
Is 7597 a composite number?
True
Is 5137 a prime number?
False
Is 352867 a composite number?
False
Is 26501 a composite number?
False
Is 108631 a composite number?
False
Is 3489 prime?
False
Is 3277 prime?
False
Is 15551 a composite number?
False
Is 4507 a prime number?
True
Is 18033 composite?
True
Is 16547 prime?
True
Is 1707599 prime?
False
Is 475257 a composite number?
True
Is 2785 a composite number?
True
Is 39014 a prime number?
False
Is 50207 a prime number?
True
Is 28789 a prime number?
True
Is 140431 a composite number?
True
Is 392554 a composite number?
True
Is 11279 a composite number?
False
Is 14281 composite?
False
Is 65867 composite?
False
Is 55415 composite?
True
Is 103651 a prime number?
True
Is 253 a composite number?
True
Is 119065 composite?
True
Is 301871 a composite number?
True
Is 11513 prime?
False
Is 23269 composite?
False
Is 1861 a prime number?
True
Is 1770707 a prime number?
True
Is 130421 a composite number?
True
Is 116407 composite?
True
Is 11 prime?
True
Is 12323 composite?
False
